Calculate the remainder when 37 is divided by q.
7
Calculate the remainder when (13 - 15)/((-1)/12) is divided by 13.
11
Let s = 167 + -145. Calculate the remainder when 263 is divided by s.
21
Let y(c) = 3*c**2 + 2*c - 9. Let d(m) = 13*m**2 + 7*m - 37. Let q(f) = -2*d(f) + 9*y(f). Let j = -14 - -7. Calculate the remainder when 27 is divided by q(j).
13
Suppose 0 = -5*a - 3*p + 10, 0*a + 2*p - 12 = 2*a. Let u = a + 7. Let w(i) = i**3 - 2*i**2 + i - 2. Calculate the remainder when w(3) is divided by u.
4
Let h = -13 - -18. Suppose -y - 18 = -2*y - 5*k, 3*k = 2*y + 3. Suppose -y = -3*p, -h = 2*u - 5*p - 22. What is the remainder when u is divided by 6?
5
Let f = -5 - -28. What is the remainder when f is divided by 15?
8
Let h(k) = 2*k**2 - 2*k. Suppose 42 = 3*d - 0*d. Calculate the remainder when h(-4) is divided by d.
12
Suppose -5*y - 30 = -0*y. Let q = 32 - 16. Calculate the remainder when y/21 - (-219)/7 is divided by q.
15
Let m = -56 - -139. What is the remainder when m is divided by 29?
25
Let h(q) = -8*q - 5. Suppose -4*c + 160 = -r, 3*c - 103 = -0*r + 5*r. Calculate the remainder when c is divided by h(-2).
8
Suppose t - 34 = -2*r, 2*r - 3*t = 23 + 27. What is the remainder when r is divided by 5?
4
Suppose 0*i - 3*i + 12 = 0. What is the remainder when 27 is divided by i?
3
Suppose 0*o + 5*o + 10 = 0. What is the remainder when 47 is divided by 23/2 + o/(-4)?
11
Let f(p) = 6*p**2 - 1. What is the remainder when 8 is divided by f(-1)?
3
Suppose -5*m = -2*y - 94 + 14, -y = -4*m + 64. What is the remainder when -1 + (0 - 0) - -63 is divided by m?
14
Suppose -3*f - 95 = -8*f. Calculate the remainder when (238/3 - 12/(-18)) + -5 is divided by f.
18
Let o = -1 + -8. Let i = -6 - o. Calculate the remainder when 32 is divided by i/((-6)/11)*-2.
10
Suppose 0 = -3*u - 0*u - 39. Let g = u - -29. Calculate the remainder when 47 is divided by g.
15
Suppose 5*w + 8 = w, -t + 23 = -3*w. Calculate the remainder when t is divided by 10.
7
Suppose 3*q = 3*w - 15, -3*q = 2*w - q - 14. Calculate the remainder when 15 is divided by w.
3
Suppose 4*k + 5*o = 12 + 17, -2*k + 37 = -5*o. Suppose w - 3*p = k, 0 = 4*p - 9*p. What is the remainder when 31 is divided by w?
9
Calculate the remainder when 6 - 3 - -44 - -3 is divided by 26.
24
Let x(i) = -i - 5. Let u = -5 + 5. Let a be x(u). Let f = 17 + a. Calculate the remainder when 45 is divided by f.
9
Suppose 5*d + 3*r - 20 - 15 = 0, -5*r = -25. Calculate the remainder when ((-94)/d*-2)/1 is divided by 16.
15
Suppose 0 = -4*s - 0*p - 3*p + 303, -6 = 2*p. What is the remainder when s is divided by 8?
6
Suppose -r = -4*t + 2*r - 12, -2*t = 3*r - 12. Suppose 0 = 3*h - t*h + u - 95, h - 35 = -2*u. Calculate the remainder when h is divided by (12 - 1)*(-4 + 5).
9
Suppose -4*c + 12 = -5*g, -c + 2*g + 2*g + 3 = 0. Calculate the remainder when 20 is divided by 44/(-6)*c/(-2).
9
Let f = 8 - -3. Calculate the remainder when 40 is divided by f.
7
Let s(z) = 4*z**2 - 13*z + 4. Suppose -n + 14 = -10. What is the remainder when s(6) is divided by n?
22
Let q(i) = -i**2 - 9*i - 10. Calculate the remainder when 45 is divided by q(-6).
5
Let g(j) = -j**2 + 18*j - 25. What is the remainder when g(11) is divided by 14?
10
Let u(v) = v**3 - 7*v**2 + 2*v + 6. Let m be u(6). Let d be 4/(-6)*m*1. What is the remainder when 15 is divided by (-90)/d*(-12)/10?
6
Let p = 48 - 33. What is the remainder when 163 is divided by p?
13
Let g = 32 + -31. Calculate the remainder when 2 is divided by g.
0
Let i(t) = -2*t**2 + 4*t - 3. Let g be i(2). Let z = g + 4. Calculate the remainder when 3 + 1/1*-1 is divided by z.
0
Suppose -5 + 17 = -3*i. Let n = i - -25. Calculate the remainder when n is divided by 11.
10
Suppose -6*i - 20 = -i. What is the remainder when 39 is divided by 3 + i/((-12)/21)?
9
Let i = -6 - -9. Let p = i - 0. Calculate the remainder when 6 is divided by p.
0
Suppose 5*y + 50 = 3*v, -2*v = 3*v - 4*y - 79. Suppose t + 3*c - 18 = 0, -c + 12 = 2*t - 3*c. Calculate the remainder when v is divided by t.
6
Let x(c) = -c - 6. Let z be x(0). Let d be z*(-2 + 3) + 2. Let n = 10 + d. What is the remainder when n is divided by 4?
2
Suppose y - 2*b = 60, 2*y + 2*b + 276 = 7*y. What is the remainder when y is divided by 11?
10
Suppose -m = -4*y + 23, 10*y - 5*y - 3*m = 27. What is the remainder when 27 is divided by (28/y)/((-1)/(-3))?
13
Let r = 58 + -84. Let g = 9 - r. What is the remainder when g is divided by (0 - -1)*(9 + 0)?
8
Let h(u) = u**3 + 1 - 3 - 2*u**2 - u**2 + 2*u. Let f be h(3). Suppose -f*g - 29 + 113 = 0. What is the remainder when g is divided by 11?
10
Let f be (143 - 2)*(-4)/(-3). Calculate the remainder when 11 is divided by (-6)/(-21) - f/(-28).
4
Let r = -7 + 11. Suppose 726 - 302 = 2*x. Suppose 2*c - r*c - 2*z = -102, -2*z = 4*c - x. Calculate the remainder when c is divided by 19.
17
Let o = 2 + 0. Let m(t) = -t + o*t - t**2 + 7 - 4*t - t. Calculate the remainder when 4 is divided by m(-5).
0
Let a(f) = f + f**2 - 10 - 2*f**2 - 11*f. Let o(m) = m - 24. Let g be o(17). Calculate the remainder when 41 is divided by a(g).
8
Suppose -11 - 3 = -u. Calculate the remainder when u is divided by 9.
5
Suppose -16 = -3*l - 4, -5*l + 11 = -3*p. What is the remainder when 51 is divided by p?
0
Suppose -6 = -i - 2. Suppose 0 = -i*y - 4, 5*a - 22 = 4*y - 8. Let x(j) = j**3 + 2. Calculate the remainder when x(a) is divided by 4.
2
Let y(d) = -d + 15. Let t be y(11). Suppose -t*n = -5*p + 70 + 83, -3*p = -4*n - 95. What is the remainder when p is divided by 15?
14
Suppose 5*m - 159 = 56. Suppose 2*g - 15 - 29 = 0. What is the remainder when m is divided by g?
21
Let j(a) = -6*a + 10. Let i be j(5). Let t be (-122)/(-3) + 1/3. Let q = t + i. Calculate the remainder when 62 is divided by q.
20
Let h = -34 + 62. Suppose -5*y + 52 = -2*k, 0 = -4*y - 3*k - 0*k + 37. Calculate the remainder when h is divided by y.
8
Let i(p) = 3*p + 1. Let f be i(5). Suppose 3*q - 68 = 5*y, -f = -2*q + 3*y - 7*y. What is the remainder when q is divided by 6?
4
Let f(k) = -k**3 - 7*k**2 - 4*k - 17. Calculate the remainder when f(-7) is divided by 7.
4
Let n = 235 - 216. Calculate the remainder when (74/5)/(1/5) is divided by n.
17
Suppose 0 = 3*s - 3 + 12. Let k = s - -7. Suppose 27 + 1 = 4*v. Calculate the remainder when v is divided by k.
3
Suppose d + 5*h = h + 1, 2*h = -2*d - 16. Let j = d - -21. Calculate the remainder when ((-80)/(-25))/4*35 is divided by j.
8
Suppose 0 = 5*h - 25 - 10. Calculate the remainder when 3/(-1)*(-8 - 1) is divided by h.
6
Suppose h - 2 = -0*h. Suppose -m - 10 = -h*m - 4*i, 0 = 2*m + 3*i - 10. Suppose -p + 21 = m*p. What is the remainder when 19 is divided by p?
5
Let r = 4 + -2. What is the remainder when (-1 - (0 + 12/(-8)))*6 is divided by r?
1
Let o be -2 - (-25*1 - 2). Let k(w) = w**2 + 4*w + 2. Let f be k(-4). Suppose -v = -f*y - 2 - 11, 5*y = o. What is the remainder when v is divided by 8?
7
Let b(w) = -2*w + 6. Let m be b(11). Calculate the remainder when 41 is divided by (m/20)/((-2)/35).
13
Let g(v) = 6*v + 31. Let s = 0 - -1. Calculate the remainder when g(-5) is divided by s.
0
Suppose -5 = -3*t + 1. Suppose t*j = 7*j - 65. What is the remainder when 23 is divided by j?
10
Let k = 36 - 27. What is the remainder when 212/6 - 1/3 is divided by k?
8
Suppose -3*h - o + 24 = 2*o, h - 2*o - 23 = 0. Let i = -14 - -30. Let k = 23 - i. What is the remainder when h is divided by k?
6
Calculate the remainder when 3 + (-124)/(-12) + (-1)/3 is divided by 3.
1
Let g(d) = -d + 11. Let l(k) = 2*k**3 - 4 - k**2 + 2*k**2 - 3*k - 3*k**3 - 6*k**2. What is the remainder when g(-10) is divided by l(-5)?
10
Let n(o) = -o**2 - 6*o + 9. Suppose 3*b + 15 = 0, -2*q + 6 = 5*b + 45. Calculate the remainder when 4/8 + q/(-2) is divided by n(-7).
0
Let j(t) = -5*t**2 + 37*t - 2. Calculate the remainder when j(5) is divided by 30.
28
Let j = 26 - 7. Calculate the remainder when j is divided by 5.
4
Let u = 0 + 4. Let c = u - -2. What is the remainder when 10 is divided by c?
4
Suppose 15 = d + 3*f - 5, 5*f - 15 = 2*d. Suppose 0 = p + l - 8, 8 = 3*p - 4*p - d*l. Suppose 3*w - w = 44. What is the remainder when w is divided by p?
10
Let v = 62 - 45. What is the remainder when v is divided by 10?
7
Let j(c) = -c**2 + 6*c + 4. Let a be j(6